
{"id":2,"date":"2025-10-16T16:36:38","date_gmt":"2025-10-16T16:36:38","guid":{"rendered":"http:\/\/okaloukelly.org\/?page_id=2"},"modified":"2025-11-11T09:24:31","modified_gmt":"2025-11-11T08:24:31","slug":"sample-page","status":"publish","type":"page","link":"https:\/\/okaloukelly.org\/?page_id=2","title":{"rendered":"Auteur"},"content":{"rendered":"\n<p class=\"has-text-align-center\">Hello, c&rsquo;est moi, Philippe R ou Pipo pour les intimes. Venez plongez au c\u0153ur de notre histoire familiale et <strong>d\u00e9couvrir les secrets dans notre arbre g\u00e9n\u00e9alogique<\/strong>. <\/p>\n\n\n\n<p class=\"has-text-align-center\">Des anc\u00eatres oubli\u00e9s aux liens ind\u00e9fectibles qui vous unissent, laissez-vous guider pas \u00e0 pas pour construire, explorer et partager notre h\u00e9ritage unique.<\/p>\n\n\n\n<p><\/p>\n\n\n\n<p class=\"has-green-color has-text-color has-link-color wp-elements-d5f2d758ef2dba13876456e419ee9952\"><\/p>\n\n\n\n<p><\/p>\n","protected":false},"excerpt":{"rendered":"<p>Hello, c&rsquo;est moi, Philippe R ou Pipo pour les intimes. Venez plongez au c\u0153ur de notre histoire familiale et d\u00e9couvrir les secrets dans notre arbre g\u00e9n\u00e9alogique. Des anc\u00eatres oubli\u00e9s aux [&hellip;]<\/p>\n","protected":false},"author":1,"featured_media":24,"parent":0,"menu_order":0,"comment_status":"closed","ping_status":"closed","template":"","meta":{"footnotes":""},"class_list":["post-2","page","type-page","status-publish","has-post-thumbnail","hentry"],"_links":{"self":[{"href":"https:\/\/okaloukelly.org\/index.php?rest_route=\/wp\/v2\/pages\/2","targetHints":{"allow":["GET"]}}],"collection":[{"href":"https:\/\/okaloukelly.org\/index.php?rest_route=\/wp\/v2\/pages"}],"about":[{"href":"https:\/\/okaloukelly.org\/index.php?rest_route=\/wp\/v2\/types\/page"}],"author":[{"embeddable":true,"href":"https:\/\/okaloukelly.org\/index.php?rest_route=\/wp\/v2\/users\/1"}],"replies":[{"embeddable":true,"href":"https:\/\/okaloukelly.org\/index.php?rest_route=%2Fwp%2Fv2%2Fcomments&post=2"}],"version-history":[{"count":3,"href":"https:\/\/okaloukelly.org\/index.php?rest_route=\/wp\/v2\/pages\/2\/revisions"}],"predecessor-version":[{"id":65,"href":"https:\/\/okaloukelly.org\/index.php?rest_route=\/wp\/v2\/pages\/2\/revisions\/65"}],"wp:featuredmedia":[{"embeddable":true,"href":"https:\/\/okaloukelly.org\/index.php?rest_route=\/wp\/v2\/media\/24"}],"wp:attachment":[{"href":"https:\/\/okaloukelly.org\/index.php?rest_route=%2Fwp%2Fv2%2Fmedia&parent=2"}],"curies":[{"name":"wp","href":"https:\/\/api.w.org\/{rel}","templated":true}]}}